2*b. Let y(g) = g + 8. Let x be y(-6). Suppose -x*p = -b - 35. Calculate the remainder when p is divided by 15.
14
Let b be 12/(-6) + 2*-1. Calculate the remainder when 31 is divided by -24*b*(-1)/(-6).
15
Let z(v) = v**3 - 5*v**2 + v - 1. Let o be -22 + (1 - 4/(-2)). Let h = -12 - o. Calculate the remainder when h is divided by z(5).
3
Suppose -40 = -4*g + 4*r, 4*r - 2 - 14 = 0. Let o(d) = 3*d**2 + 5*d + 4. Let j be o(5). Suppose 2*h + j = 6*h. What is the remainder when h is divided by g?
12
Let h = -30 + 15. Let g = 29 + h. Calculate the remainder when g is divided by 5.
4
Suppose 4 = d - x - 9, d = 4*x + 13. Let y = 9 + d. What is the remainder when 86 is divided by y?
20
Let d(n) = n**3 + 6*n**2 + 4*n + 1. Let i be ((-6)/4 + 1)*-10. Let j = i - 10. What is the remainder when 17 is divided by d(j)?
5
Let l(w) = w**2 - 5*w - 8. Calculate the remainder when 30 is divided by l(8).
14
Let g = 1 - 3. Let x = -2 - g. Suppose 2*p = -10, -2*m + 4*p + 67 - 1 = x. What is the remainder when m is divided by 12?
11
Suppose 0 = -2*f + 5*f - 36. Let u = -7 + 15. What is the remainder when u is divided by (18/f)/((-1)/(-2))?
2
Let h(n) = 13*n**2 + 4*n + 3. Let i be h(-2). Let q = i + -10. Calculate the remainder when q is divided by (39 - 0)*(-4)/(-12).
11
Suppose 0 = -3*p + 3*x - 2*x + 73, -3*p - 4*x + 83 = 0. Calculate the remainder when 97 is divided by p.
22
Let l(j) = 1 + j + 0 - 7 + 1. Let d be l(5). Suppose 3*t + d*t = 39. Calculate the remainder when t is divided by 8.
5
Let b = 903 - 398. What is the remainder when 20 is divided by (-6)/27 + b/45?
9
Let y(f) = 5*f - 41. Calculate the remainder when y(18) is divided by 13.
10
Let y(l) = -2 + 2*l**2 + 6 + 0 + 5*l - 5. What is the remainder when y(-5) is divided by 9?
6
Let u be (-155)/(-3) - (-2)/(-3). Let b = u - 31. Let d = 9 - 2. Calculate the remainder when b is divided by d.
6
Suppose 544 = 4*c - 124. What is the remainder when c is divided by 34?
31
Suppose 0 = -2*f + 64 + 22. Let n(a) = -a**3 + 6*a**2 - 5*a + 4. Let z be n(4). Calculate the remainder when f is divided by z - (1 - 0/(-2)).
13
Calculate the remainder when 28 is divided by (72/(-40))/((27/(-30))/3).
4
Suppose -3*k + 40 = 2*k. What is the remainder when 21 is divided by k?
5
Suppose -q = 4*d - 14, -5*q - 3*d = 4 - 23. Suppose -q*o + 8 = -0*o. What is the remainder when o is divided by 2?
0
Let z be 986/10 - (-2)/5. Calculate the remainder when 1*4/(12/z) is divided by 17.
16
Let a = 311 + -209. Suppose 4*f = 2*f + a. What is the remainder when f is divided by 27?
24
Let h = 4 - -33. Calculate the remainder when h is divided by (-2)/(-4) - (-25)/2.
11
Let x = -48 + 85. Suppose -2*f + g + 23 + 10 = 0, 2*f = -3*g + x. Let q = 78 + -29. What is the remainder when q is divided by f?
15
Suppose -3*h + 62 = -58. Let k = 5 - 5. Suppose 0 = 3*w - 2*w + l - 10, k = -4*w + 2*l + 64. What is the remainder when h is divided by w?
12
Suppose 0 = 7*i - 0*i - 168. What is the remainder when 47 is divided by i?
23
Suppose c - 5 = 8. What is the remainder when c is divided by 4?
1
Suppose 4 = q - 30. What is the remainder when q is divided by 19?
15
Let g = 6 + -9. Let l(a) = a**2 + 2*a + 3. Calculate the remainder when 23 is divided by l(g).
5
Suppose 5*a - 55 = 2*w, -5*a = -w - 1 - 59. Let r = 7 + -3. What is the remainder when (3 - r)/(2/(-46)) is divided by a?
10
Let y = 41 - 26. Suppose 2*a - 16 = -0*a. Calculate the remainder when y is divided by a.
7
Let a(u) = u**2 + 5*u - 17. Let f(n) = n**2 + 6*n + 6. Let v be f(-5). Suppose p - 1 = v. What is the remainder when a(-8) is divided by p?
1
Let x(w) = 2*w - 2. Let u be x(3). Let f(k) = 4*k + 1. What is the remainder when 50 is divided by f(u)?
16
Let u = -71 - -106. Calculate the remainder when u is divided by 12.
11
Let b = 3 + -1. Let o(p) = 3*p - 3. Suppose -2*r = 2*r - 3*x - 13, r + 13 = 4*x. Calculate the remainder when r is divided by o(b).
1
Let z(d) = 5*d**2 + 3*d + 3. Calculate the remainder when z(3) is divided by 20.
17
Let r(w) = -w**2 + 15*w + 8. Let z be r(12). Let l = -1 - -1. Suppose l*i - z = -2*i. What is the remainder when i is divided by 12?
10
Suppose -d + 47 = 3*l, 0*l - 3*l + 5*d = -71. Suppose 0*v - 4*v = -24. Calculate the remainder when (l + 1 - 3) + 2 is divided by v.
5
Suppose 2*i + i = -12. Let w = i + 6. What is the remainder when 23 is divided by 86/7 - w/7?
11
Suppose 0*s = -3*s - r + 149, -4*s - 5*r + 217 = 0. Suppose -4*j = 3*i - 120, 2*i - s = -3*j + 32. What is the remainder when i is divided by 14?
12
Let j(q) = -q**3 - 13*q**2 - 13*q + 22. Calculate the remainder when j(-12) is divided by 19.
15
Let u(m) = 2*m - 3. Let d be u(6). Let q = 5 - 0. Let o = d - q. What is the remainder when 11 is divided by o?
3
Suppose -4*a + 5 = -3*a. Let d be 79/9 + 2/9. Let x(b) = -b + 12. Calculate the remainder when a is divided by x(d).
2
Suppose 75*u - 14 = 73*u. What is the remainder when 27 is divided by u?
6
Let s be -1 + -1 + 7 + 1. Suppose -54 = -4*w + s. Calculate the remainder when 44 is divided by w.
14
Suppose 0 = v - 2*v + 17. Calculate the remainder when v is divided by 5.
2
Let r(w) = -1. Let d(j) = 2*j - 3. Let l(u) = d(u) - 6*r(u). Calculate the remainder when -3 + 0 + 25 + -1 is divided by l(4).
10
Let u(z) = 45*z - 1. Let r(t) = t + 4. Let l be r(-5). Let m be u(l). Let g = m + 75. Calculate the remainder when g is divided by 15.
14
Suppose -3*v = j + 2*j - 24, -5*j + 3*v = 0. Suppose 0 = 2*m + j*m - 15, -5*m + 33 = 3*g. Calculate the remainder when 21 is divided by g.
3
Let m(p) = p**3 + 2*p + 15. Calculate the remainder when 72 is divided by m(0).
12
Let s = 21 + -13. Let f be -5 - (-2 - -4 - 4). Calculate the remainder when ((-42)/8)/(f/8) is divided by s.
6
Suppose 0 = -3*u - 7 + 28. Calculate the remainder when u is divided by 2.
1
Let t = -30 + 53. Suppose 6*o + 12 = 2*o, 0 = d + o - 12. Suppose -5*y = -5*f - 75, 0*f = -5*f - d. Calculate the remainder when t is divided by y.
11
What is the remainder when 93 + ((-25)/35 - 4/14) is divided by 19?
16
Suppose 2*t = -2*x + 3*t + 11, 4*t = 5*x - 26. Let b = -3 - -6. Suppose u - 36 = -3*l + 2*u, -3*l + 42 = -b*u. What is the remainder when l is divided by x?
5
Suppose 7*v - 2*v = 5*h + 110, 5*v - 2*h - 98 = 0. Let g = 33 - v. What is the remainder when -2*2/4*-43 is divided by g?
13
Suppose 4*y + 2*v = 100 + 20, 0 = 5*v - 20. Calculate the remainder when 55 is divided by y.
27
Let w = 222 + -141. Calculate the remainder when w is divided by 41.
40
Suppose 0 = z + 2*t - 32, -2*z + 128 - 40 = -4*t. What is the remainder when z is divided by 5?
3
Let a be (540/14)/(2/14). Suppose -4*w - 3*v + 213 = -2*v, 2*v - a = -5*w. What is the remainder when w is divided by 18?
16
Let x = 66 + -37. Let w(b) = -9*b**3 - b**2 + b. Let n be w(1). Let s = x + n. What is the remainder when s is divided by 11?
9
Let k = -55 + 74. What is the remainder when 92 is divided by k?
16
Let q(i) = -3*i - 5. What is the remainder when q(-8) is divided by 5?
4
Suppose 0 = -9*k + 4*k + 70. Calculate the remainder when k is divided by 3/1 - (-2 - -1).
2
Calculate the remainder when 619/6 - (-3)/(-18) is divided by 26.
25
Calculate the remainder when 12 is divided by (-1 - -1) + 7 + 0.
5
Suppose 10 = -2*k, 3*k - 29 = 4*i - 6*i. Calculate the remainder when i is divided by 8.
6
Suppose 0 = -2*j, 0 = 2*l - j - 26 - 24. What is the remainder when l is divided by 2?
1
Suppose -4*n + 8*n - 12 = 0. Let a = 0 + n. What is the remainder when a is divided by 2?
1
Let i = 46 + 47. Let b = i + -30. Suppose 8 = 4*x + m - b, 5*m = 2*x - 19. What is the remainder when x is divided by 9?
8
Let g(v) = v + 16. Let h be g(0). Suppose 0 = -2*y - 2*y - h. Calculate the remainder when (-6)/(-4) + (-30)/y is divided by 5.
4
Suppose 38 = 3*j + 14. Let p(n) = n**3 + 4*n**2 - 6*n + 3. What is the remainder when p(2) is divided by j?
7
Let r = -58 - -84. Suppose 3*i - 20 = 7. Calculate the remainder when r is divided by i.
8
Let v(x) = x + 1. Let k(q) = -q**2 + 16*q - 9. Let y(r) = -k(r) + 3*v(r). Let j be y(12). What is the remainder when 4/4 - (j + -2) is divided by 3?
0
Let l = -120 + 178. Calculate the remainder when l is divided by 15.
13
Let h(y) = 0*y - 3*y - 8 - 1. Suppose -5*r + 74 = 4*k - 3*r, -2*r = -10. What is the remainder when k is divided